3 = -5*h. What is the hundreds digit of h?
4
Let o(t) = -13*t**2 + 5*t**2 + 6 + 2*t**2 - 4*t + 7*t**2. Let h be o(2). What is the units digit of (-425)/(-3 - h) + 0?
5
Let d(k) be the third derivative of -k**6/120 + k**5/30 + 5*k**4/12 + 7*k**3/3 - 15*k**2. Let i be d(-7). What is the hundreds digit of -3*(0 + -1)/(7/i)?
1
Let r(c) be the first derivative of -c**3/3 + 21*c**2/2 + 48*c + 30. Let g be r(23). Suppose -g*q = 2*q - 412. What is the units digit of q?
3
Suppose 229*k = 184*k + 217170. What is the tens digit of k?
2
Let k(m) = 15*m**2 + 9*m + 4. Let r be k(-6). Let j be (-1)/(4 + r/(-122)). Suppose u - j = 7. What is the tens digit of u?
6
Let r(d) = 636*d**2 - 21*d + 222. What is the units digit of r(4)?
4
Suppose -4 = -4*s, 2 = 3*z + 2*s - 30. Suppose 3*f = 2*w - 18, 2*w - 4*f = z + 6. Suppose 282 = -w*j + 14*j. What is the units digit of j?
1
Let m(d) = 2*d**2 - 5*d - 7. Let a be m(4). Suppose -504 = a*b - 1624. Let j = b - 85. What is the units digit of j?
9
Let c = -871 - -5893. Suppose 0 = 23*l - 14*l - c. What is the hundreds digit of l?
5
Let m(n) = 2223*n**2 + 10*n + 9. Let x be m(-1). Suppose 497 = -5*s + x. What is the hundreds digit of s?
3
Suppose 4*v + 3*d - 23 = -0*d, 15 = 5*v + d. Suppose 0 = -v*o + 8, -4*y = -y - 2*o - 163. What is the tens digit of y?
5
Let v(z) = z**3 - 8*z**2 - 7*z - 20. Suppose -3*y + 2*c = 135, -3*c = -y + 2*y + 56. Let n = -37 - y. What is the units digit of v(n)?
0
What is the hundreds digit of 5711 - 26/(182/(-63))?
7
Let g = 8473 + -4721. What is the units digit of g?
2
Let s = 2613 - -1305. What is the units digit of s?
8
Let w(f) = -2927*f**3 + 7*f**2 + 6*f + 11. Let m(l) = -976*l**3 + 2*l**2 + 2*l + 3. Let s(x) = -7*m(x) + 2*w(x). What is the tens digit of s(1)?
7
Let u = 205 - 208. What is the tens digit of u/((-426)/140 + 3)?
7
Suppose -l = -a + 4*a - 27, 3*l = -5*a + 45. Suppose -7*i = -a*i - 404. What is the units digit of i/(-6)*(-12)/(-4)?
1
Let j(s) = s**3 + 13*s**2 + 16*s + 10. Suppose 112 = -0*b - 14*b. What is the hundreds digit of j(b)?
2
Let s = 266 + -260. Let j(w) = 3*w**3 + 23*w - 20. What is the units digit of j(s)?
6
Suppose 18 = 2*u + 7*u. Suppose 6*o + 2*w - 634 = u*o, 0 = 2*o - 2*w - 320. What is the tens digit of o?
5
Let h be (-3)/(12/8*(-4)/(-6)). Let w be h/9 + 10479/18*2. Suppose -t - w = -13*t. What is the tens digit of t?
9
Let f be (-2)/(-8) + (-42)/8. Let r(o) = 13*o - 1. Let h(i) = 14*i - 6. Let d(z) = -4*h(z) + 3*r(z). What is the units digit of d(f)?
6
Suppose 0 = c - 48 - 4. Suppose 5*d + 5*z - 290 = 0, -5*z - c = 4*d - 5*d. What is the units digit of d?
7
Suppose -7*j - 270655 = -62*j. What is the tens digit of j?
2
Suppose j + 5*n - 2722 = 0, -8939 + 793 = -3*j + 5*n. What is the thousands digit of j?
2
Let n be (-47984)/(-120) + (-10)/(-75). Suppose 402*z = n*z + 1106. What is the hundreds digit of z?
5
Let y = 20 - 17. Let q(m) be the first derivative of -m**4/4 + 4*m**3/3 + 5*m**2/2 + 11. What is the tens digit of q(y)?
2
Let c = 560 + 1101. What is the hundreds digit of c?
6
Suppose -18*g - 81*g = 19*g - 2648864. What is the tens digit of g?
4
Let x(l) = l**2 - 5*l - 8. Suppose 0*h + 8*h = 40. Let s be x(h). What is the tens digit of ((-70)/s)/(2/24)?
0
Suppose -3*d - 24 = -11*d. Let s = 53 + -50. Suppose 3*c - 616 = -d*w + 4*c, 0 = -w + s*c + 216. What is the hundreds digit of w?
2
Let s = -24 + -39. Let j = -62 - s. What is the tens digit of 1/(j + 0) - 943/(-23)?
4
What is the units digit of 59 + 91 - 2/2*(0 - 0)?
0
Suppose -3*x + j = -1196, 2*x + 7*j = 11*j + 804. Suppose -2*i = -4*i + x. Suppose 0 = -5*f + 41 + i. What is the tens digit of f?
4
Let m = 6787 - 4396. Suppose 1798 = 3*i - 3*n - n, -4*i = n - m. What is the units digit of i?
8
Let t(a) = 4*a**3 + 22*a**2 - 19*a + 9. Let z(o) = o**3 + o**2. Let c(b) = t(b) - 5*z(b). Suppose 35*d + 42*d = 490 + 665. What is the tens digit of c(d)?
7
Suppose -b + 47 = 6*v - 2*v, -2*b = -v + 5. Suppose -v = 3*x - 62. Suppose -x = -f + 22. What is the tens digit of f?
3
Let b(k) = -2521*k + 1105. What is the tens digit of b(-5)?
1
What is the hundreds digit of (-3)/(-4) + (-7897739)/(-188)?
0
Let b = 12808 - 6919. What is the units digit of b?
9
Suppose -19*k + 7*k = 0. Suppose -151*c + 144*c + 6237 = k. What is the hundreds digit of c?
8
Let z(g) = g**3 - 5*g**2 + 8*g - 32. Let s be z(5). Suppose 0 = s*a + 162 - 1210. What is the tens digit of a?
3
Let b(m) be the first derivative of m**4/4 + 6*m**3 + 5*m**2 + 5*m - 1. Let f(u) = -27*u - 17. Let d be f(0). What is the tens digit of b(d)?
2
Let p(a) = -a**3 + 7*a**2 + 4*a + 25. Let i(k) = -k**2 + 20*k + 23. Let v be i(21). Let d be ((-10)/(-4) + 1)/(v/4). What is the units digit of p(d)?
3
Suppose 0 = 14*u - 10*u - 48. Let m be u/8*-8 + (-3)/3. What is the units digit of 2/(-13) + m/((-507)/1722)?
4
Let p(s) = -64*s**3 - 7*s**2 - 16*s - 40. What is the hundreds digit of p(-5)?
8
Let t(h) be the third derivative of 7*h**4/24 + 109*h**3/6 - 5*h**2 - 2. What is the hundreds digit of t(15)?
2
Let n = 61 + -138. Suppose -4*c = -5*s - 446, -5*s - 228 = 3*c - 5*c. Let i = n + c. What is the units digit of i?
2
Let r = 904 + -564. Suppose u - r = -3*t + t, 3*t = 3*u - 1047. What is the hundreds digit of u?
3
Let l = -457 + 458. Let x(k) = -134*k - 3. Let v(c) = 135*c + 4. Let o(i) = -2*v(i) - 3*x(i). What is the hundreds digit of o(l)?
1
Suppose p - 2568 = -c - 3*p, p - 2559 = -c. Suppose -10*d + c = -d. What is the tens digit of d?
8
Suppose 0 = -p + 3*i + 23312, 0 = 5*p + 2*i - 78047 - 38564. What is the hundreds digit of p?
3
Let x be 2*(13/4)/((-11)/(-22)). Let k(o) = -o**2 + 15*o - 24. Let t be k(x). Suppose 8*y - t*y = 432. What is the tens digit of y?
7
What is the hundreds digit of ((-66)/110)/(18/(-60)*(-2)/(-13557))?
5
Let y(o) = 1104*o + 1495. Let f(g) = 17*g + 23. Let x(r) = -391*f(r) + 6*y(r). What is the hundreds digit of x(-25)?
5
Let j be -1 - (1 + -7 + 17). Let m(p) be the second derivative of -p**5/20 - 5*p**4/6 + 11*p**3/6 - 5*p**2/2 - 4*p. What is the units digit of m(j)?
1
Suppose -j + 24 = 3*j. Let b be (j/2 - -1)/2. What is the hundreds digit of (b - (-14)/(-6))/(2/(-930))?
1
Let q(n) = -n**2 + 6*n + 43680. Let v be q(0). Suppose -32*f + v = -2*f. What is the thousands digit of f?
1
Let h = 271 - 269. Let l = 6 - 6. Suppose 2*w + l*w + 259 = 3*c, 3*w + 176 = h*c. What is the tens digit of c?
8
Suppose 169*v - 64*v = 67*v + 588886. What is the ten thousands digit of v?
1
Let c(x) = -2*x - 32. Let f be c(-1). Let d(s) = -44*s - 190. What is the units digit of d(f)?
0
Suppose 0 = 4*b - 3 - 21. Let c = b - -72. What is the tens digit of c?
7
Suppose -h + 3*q + 19 = 0, 18 + 19 = 4*h + q. What is the hundreds digit of (2924/h)/(4/20)?
4
Let w be (3/9)/((-1)/(-597)). Let m be (-45)/10 + 3 - 8148/(-24). Let p = m - w. What is the tens digit of p?
3
Let z = -88 - -92. What is the units digit of 1/(z*1/2820)?
5
Let k(s) = -5*s**2 - 6*s + 17. Let j be k(4). Suppose -4*u + 971 = 5*i, 0*i - 4*u = -i + 175. Let o = j + i. What is the tens digit of o?
0
Suppose -72*x - 104*x + 33*x + 8493485 = 0. What is the ten thousands digit of x?
5
What is the units digit of (-45275)/(-2) + (-19)/((-494)/65)?
0
Let t(g) = 3178*g + 825. What is the tens digit of t(14)?
1
Suppose 594*l - 17639649 + 6002195 - 10489046 = 0. What is the hundreds digit of l?
2
Let y = 2151 - -3482. What is the hundreds digit of y?
6
Suppose 706848 = 141*j - 314556. What is the hundreds digit of j?
2
Let u = 214 + 88. Suppose 0 = -10*g + 219 + 381 + 680. Let c = u - g. What is the units digit of c?
4
Let u(g) = 3*g**2 + 2*g - 2. Let n be u(1). Suppose 4*d - 182 = -n*d. What is the tens digit of -1 + d + (-15)/5*1?
2
Suppose 5*n - 84 + 29 = 0. Suppose 27 = -14*d + n*d. What is the units digit of (-636)/(-18)*d/(-6)?
3
Let g(n) be the third derivative of -9*n**2 + 0 + 0*n - 5/8*n**4 - 5/6*n**3. What is the units digit of g(-6)?
5
Let z = -1 + -14. Let l(i) = i**2 + 12*i - 37. Let s be l(z). Let g = s - -37. What is the tens digit of g?
4
Let d(j) = j**3 + 8*j**2 + 9*j - 22. Let w be d(-6). What is the units digit of w/(-4)*((-5)/(-1) - -1476)?
1
Suppose -69 = -2*s + 95. Let p = s + -15. Let k = -15 + p. What is the units digit of k?
2
Let x(i) = -i**3 + 12*i**2 + 14*i - 11. Let m be x(13)